{"version":"1.0","provider_name":"Anna konyh\u00e1ja","provider_url":"https:\/\/annakonyha.cafeblog.hu","author_name":"Anna","author_url":"https:\/\/annakonyha.cafeblog.hu\/author\/maricsanna2gmail-com\/","title":"Sacher torta","html":"<p style=\"text-align: center\"><img class=\"alignnone  wp-image-12157842\" src=\"https:\/\/annakonyha.cafeblog.hu\/files\/2021\/01\/DSC06125-298x300.jpg\" alt=\"\" width=\"401\" height=\"405\" \/><\/p>\r\n<p><strong>Hozz\u00e1val\u00f3k:<\/strong> (18 cm \u00e1tm\u00e9r\u0151 )<\/p>\r\n<ol>\r\n<li>6 dkg liszt,<\/li>\r\n<li>4 dkg \u00e9tk. kem\u00e9ny\u00edt\u0151,<\/li>\r\n<li>10 dkg puha vaj,<\/li>\r\n<li>14 dkg cukor,<\/li>\r\n<li>1 k\u00e1v\u00e9skan\u00e1l van\u00edlia\u0151rlem\u00e9ny,<\/li>\r\n<li>4 toj\u00e1s,<\/li>\r\n<li>8 dkg 70 %-os \u00e9tcsokol\u00e1d\u00e9,<\/li>\r\n<li>csipet s\u00f3,<\/li>\r\n<\/ol>\r\n<p><strong>A torta bet\u00f6lt\u00e9s\u00e9hez:<\/strong><\/p>\r\n<ol>\r\n<li>s\u00e1rgabaracklekv\u00e1r,<\/li>\r\n<\/ol>\r\n<p><strong>A bevonathoz:<\/strong><\/p>\r\n<ol>\r\n<li>10 dkg 70 %-os \u00e9tcsokol\u00e1d\u00e9,<\/li>\r\n<li>5 dkg vaj,<\/li>\r\n<li>1 tk \u00e9tolaj,<\/li>\r\n<\/ol>\r\n<p><strong>Elk\u00e9sz\u00edt\u00e9se:<\/strong><\/p>\r\n<p>Kim\u00e9rem \u00e9s \u00f6sszekeverem az \u00e1tszit\u00e1lt lisztet \u00e9s a kem\u00e9ny\u00edt\u0151t.<\/p>\r\n<p>V\u00edzg\u0151zben megolvasztom az \u00e9tcsokol\u00e1d\u00e9t \u00e9s sim\u00e1ra kikeverem.<\/p>\r\n<p>A toj\u00e1sokat kett\u00e9v\u00e1lasztom, \u00e9s a toj\u00e1ss\u00e1rg\u00e1j\u00e1t habosra keverem a fele cukorral, a van\u00edli\u00e1val, majd hozz\u00e1adom a puha vajat, v\u00e9g\u00fcl az olvasztott \u00e9tcsokol\u00e1d\u00e9t.<\/p>\r\n<p>A toj\u00e1sfeh\u00e9rj\u00e9t csipet s\u00f3val \u00e9s a marad\u00e9k cukorral nagyon kem\u00e9ny habb\u00e1 verem. A toj\u00e1sos-csokol\u00e1d\u00e9s massz\u00e1hoz\u00a0 t\u00f6bb l\u00e9p\u00e9sben laz\u00e1n hozz\u00e1keverem a lisztet \u00e9s a felvert, kem\u00e9ny habot.<\/p>\r\n<p>A tortaforma alj\u00e1t kivajazom, v\u00e9konyan besz\u00f3rom liszttel, majd bele\u00f6nt\u00f6m \u00e9s elsim\u00edtom a pisk\u00f3t\u00e1t.<\/p>\r\n<p>170 \u00b0C-os s\u00fct\u0151ben, kb 40 perc alatt k\u00e9szre s\u00fct\u00f6m. T\u0171pr\u00f3b\u00e1val ellen\u0151rz\u00f6m.<\/p>\r\n<p>A megs\u00fclt pisk\u00f3t\u00e1t a kapcsos form\u00e1b\u00f3l kiemelem, \u00e9s r\u00e1csra teszem, hogy teljesen kih\u0171lj\u00f6n.\u00a0 A tetej\u00e9t lefel\u00e9 ford\u00edtom, hogya sz\u00e9p sima, als\u00f3 fel\u00fclet maradjon meg a torta tetej\u00e9nek.<\/p>\r\n<p>Amikor t\u00f6k\u00e9letesen leh\u0171lt, megpihent a pisk\u00f3ta, akkor \u00e9les , f\u0171r\u00e9szes k\u00e9ssel k\u00f6z\u00e9pen kett\u00e9v\u00e1gom.<\/p>\r\n<p>Mindk\u00e9t v\u00e1gott fel\u00fclet\u00e9t baracklekv\u00e1rral bekenem,majd \u00f6sszeford\u00edtom, \u00f6sszeragasztom. V\u00e9g\u00fcl bekenem a torta tetej\u00e9t \u00e9s az oldal\u00e1t is, \u00e9s hagyom, gogy a lekv\u00e1r r\u00e1sz\u00e1radjon. ( m\u00e1r ne ragadjon az ujjamra )<\/p>\r\n<p>A bevonathoz megolvasztom a felapr\u00edtott csokol\u00e1d\u00e9t a vajjal \u00e9s az olajjal. Sim\u00e1ra keverem, majd r\u00e1\u00f6nt\u00f6m a torta tetej\u00e9re \u00e9s gyors mozdulattal elsim\u00edtom a tetej\u00e9n \u00e9s az oldal\u00e1n.<\/p>\r\n<p>Szobah\u0151m\u00e9rs\u00e9kleten hagyom 1-2 \u00f3r\u00e1t, majd h\u0171v\u00f6s, s\u00f6t\u00e9t helyen t\u00e1rolom. H\u0171t\u0151be nem j\u00f3 tenni, mert k\u00f6nnyen vizesedik a csokol\u00e1d\u00e9, vesz\u00edt az eszt\u00e9tikai \u00e9rt\u00e9k\u00e9b\u0151l.<\/p>\r\n<p style=\"text-align: center\"><img class=\"alignnone  wp-image-12157839\" src=\"https:\/\/annakonyha.cafeblog.hu\/files\/2021\/01\/DSC06120-300x169.jpg\" alt=\"\" width=\"351\" height=\"198\" \/><\/p>\r\n<p style=\"text-align: center\"><img class=\"alignnone  wp-image-12157840\" src=\"https:\/\/annakonyha.cafeblog.hu\/files\/2021\/01\/DSC06121-300x169.jpg\" alt=\"\" width=\"350\" height=\"197\" \/><\/p>\r\n<p style=\"text-align: center\"><img class=\"alignnone  wp-image-12157841\" src=\"https:\/\/annakonyha.cafeblog.hu\/files\/2021\/01\/DSC06124-290x300.jpg\" alt=\"\" width=\"353\" height=\"365\" \/><\/p>","type":"rich","thumbnail_url":"https:\/\/annakonyha.cafeblog.hu\/files\/2021\/01\/page-2-150x150.jpg","thumbnail_width":150,"thumbnail_height":150}

Anna konyhája

<p style="text-align: center"><img class="alignnone  wp-image-12157842" src="https://annakonyha.cafeblog.hu/files/2021/01/DSC06125-298x300.jpg" alt="" width="401" height="405" /></p>
<p><strong>Hozzávalók:</strong> (18 cm átmérő )</p>
<ol>
<li>6 dkg liszt,</li>
<li>4 dkg étk. keményítő,</li>
<li>10 dkg puha vaj,</li>
<li>14 dkg cukor,</li>
<li>1 kávéskanál vaníliaőrlemény,</li>
<li>4 tojás,</li>
<li>8 dkg 70 %-os étcsokoládé,</li>
<li>csipet só,</li>
</ol>
<p><strong>A torta betöltéséhez:</strong></p>
<ol>
<li>sárgabaracklekvár,</li>
</ol>
<p><strong>A bevonathoz:</strong></p>
<ol>
<li>10 dkg 70 %-os étcsokoládé,</li>
<li>5 dkg vaj,</li>
<li>1 tk étolaj,</li>
</ol>
<p><strong>Elkészítése:</strong></p>
<p>Kimérem és összekeverem az átszitált lisztet és a keményítőt.</p>
<p>Vízgőzben megolvasztom az étcsokoládét és simára kikeverem.</p>
<p>A tojásokat kettéválasztom, és a tojássárgáját habosra keverem a fele cukorral, a vaníliával, majd hozzáadom a puha vajat, végül az olvasztott étcsokoládét.</p>
<p>A tojásfehérjét csipet sóval és a maradék cukorral nagyon kemény habbá verem. A tojásos-csokoládés masszához  több lépésben lazán hozzákeverem a lisztet és a felvert, kemény habot.</p>
<p>A tortaforma alját kivajazom, vékonyan beszórom liszttel, majd beleöntöm és elsimítom a piskótát.</p>
<p>170 °C-os sütőben, kb 40 perc alatt készre sütöm. Tűpróbával ellenőrzöm.</p>
<p>A megsült piskótát a kapcsos formából kiemelem, és rácsra teszem, hogy teljesen kihűljön.  A tetejét lefelé fordítom, hogya szép sima, alsó felület maradjon meg a torta tetejének.</p>
<p>Amikor tökéletesen lehűlt, megpihent a piskóta, akkor éles , fűrészes késsel középen kettévágom.</p>
<p>Mindkét vágott felületét baracklekvárral bekenem,majd összefordítom, összeragasztom. Végül bekenem a torta tetejét és az oldalát is, és hagyom, gogy a lekvár rászáradjon. ( már ne ragadjon az ujjamra )</p>
<p>A bevonathoz megolvasztom a felaprított csokoládét a vajjal és az olajjal. Simára keverem, majd ráöntöm a torta tetejére és gyors mozdulattal elsimítom a tetején és az oldalán.</p>
<p>Szobahőmérsékleten hagyom 1-2 órát, majd hűvös, sötét helyen tárolom. Hűtőbe nem jó tenni, mert könnyen vizesedik a csokoládé, veszít az esztétikai értékéből.</p>
<p style="text-align: center"><img class="alignnone  wp-image-12157839" src="https://annakonyha.cafeblog.hu/files/2021/01/DSC06120-300x169.jpg" alt="" width="351" height="198" /></p>
<p style="text-align: center"><img class="alignnone  wp-image-12157840" src="https://annakonyha.cafeblog.hu/files/2021/01/DSC06121-300x169.jpg" alt="" width="350" height="197" /></p>
<p style="text-align: center"><img class="alignnone  wp-image-12157841" src="https://annakonyha.cafeblog.hu/files/2021/01/DSC06124-290x300.jpg" alt="" width="353" height="365" /></p>
