{"version":"1.0","provider_name":"Anna konyh\u00e1ja","provider_url":"https:\/\/annakonyha.cafeblog.hu","author_name":"Anna","author_url":"https:\/\/annakonyha.cafeblog.hu\/author\/maricsanna2gmail-com\/","title":"R\u00f3zsaf\u00e1nk","html":"<p style=\"text-align: center\"><img class=\"alignnone  wp-image-12150815\" src=\"https:\/\/annakonyha.cafeblog.hu\/files\/2017\/05\/DSC06098-300x206.jpg\" alt=\"\" width=\"403\" height=\"277\" \/><\/p>\r\n<p><span style=\"text-decoration: underline\"><strong>Hozz\u00e1val\u00f3k:<\/strong><\/span><\/p>\r\n<ol>\r\n<li>25 dkg liszt,<\/li>\r\n<li>2 eg\u00e9sz toj\u00e1s,<\/li>\r\n<li>s\u00f3,<\/li>\r\n<li>1 ek rum,<\/li>\r\n<li>2,5 dkg vaj,<\/li>\r\n<li>tejf\u00f6l,<\/li>\r\n<li>s\u00e1rgabarack lekv\u00e1r,<\/li>\r\n<li>porcukor a sz\u00f3r\u00e1shoz,<\/li>\r\n<\/ol>\r\n<p><span style=\"text-decoration: underline\"><strong>Elk\u00e9sz\u00edt\u00e9se:<\/strong><\/span><\/p>\r\n<p>A lisztet elmorzsolom a vajjal, egy csipet s\u00f3val megs\u00f3zom, majd hozz\u00e1adom a toj\u00e1st, a rumot, \u00e9s annyi tejf\u00f6lt, hogy puha t\u00e9szt\u00e1t tudjak gy\u00farni.<\/p>\r\n<p>1-2 \u00f3r\u00e1t h\u0171v\u00f6s helyen pihentetem, majd v\u00e9konyra ny\u00fajtom. \u00a03 k\u00fcl\u00f6nb\u00f6z\u0151 m\u00e9ret\u0171, kerek szaggat\u00f3val kiszaggatom, a sz\u00e9l\u00e9t k\u00e9ssel bevagdosom, majd 3-3 lapot k\u00f6z\u00e9pen er\u0151teljesen \u00f6sszenyomok. B\u0151, forr\u00f3 olajban kis\u00fct\u00f6m \u00fagy, hogy f\u00e9lid\u0151ben megford\u00edtom. Pap\u00edrszalv\u00e9t\u00e1n lecs\u00f6p\u00f6gtetem a felesleges olajat, majd t\u00e1lra rakom. Megforr\u00f3s\u00edtott s\u00e1rgabarack lekv\u00e1rb\u00f3l a k\u00f6zep\u00e9re cseppentek 1-1 \u00a0kiskan\u00e1lnyit, majd porcukorral besz\u00f3rom.<\/p>\r\n<p style=\"text-align: center\"><img class=\"alignnone  wp-image-12150819\" src=\"https:\/\/annakonyha.cafeblog.hu\/files\/2017\/05\/DSC06093-300x137.jpg\" alt=\"\" width=\"353\" height=\"161\" \/><\/p>\r\n<p style=\"text-align: center\"><img class=\"alignnone  wp-image-12150818\" src=\"https:\/\/annakonyha.cafeblog.hu\/files\/2017\/05\/DSC06094-300x270.jpg\" alt=\"\" width=\"351\" height=\"316\" \/><\/p>\r\n<p style=\"text-align: center\"><img class=\"alignnone  wp-image-12150817\" src=\"https:\/\/annakonyha.cafeblog.hu\/files\/2017\/05\/DSC06096-300x260.jpg\" alt=\"\" width=\"351\" height=\"304\" \/><\/p>","type":"rich","thumbnail_url":"https:\/\/annakonyha.cafeblog.hu\/files\/2017\/05\/DSC06098-150x150.jpg","thumbnail_width":150,"thumbnail_height":150}

Anna konyhája

Rózsafánk

<p style="text-align: center"><img class="alignnone  wp-image-12150815" src="https://annakonyha.cafeblog.hu/files/2017/05/DSC06098-300x206.jpg" alt="" width="403" height="277" /></p>
<p><span style="text-decoration: underline"><strong>Hozzávalók:</strong></span></p>
<ol>
<li>25 dkg liszt,</li>
<li>2 egész tojás,</li>
<li>só,</li>
<li>1 ek rum,</li>
<li>2,5 dkg vaj,</li>
<li>tejföl,</li>
<li>sárgabarack lekvár,</li>
<li>porcukor a szóráshoz,</li>
</ol>
<p><span style="text-decoration: underline"><strong>Elkészítése:</strong></span></p>
<p>A lisztet elmorzsolom a vajjal, egy csipet sóval megsózom, majd hozzáadom a tojást, a rumot, és annyi tejfölt, hogy puha tésztát tudjak gyúrni.</p>
<p>1-2 órát hűvös helyen pihentetem, majd vékonyra nyújtom.  3 különböző méretű, kerek szaggatóval kiszaggatom, a szélét késsel bevagdosom, majd 3-3 lapot középen erőteljesen összenyomok. Bő, forró olajban kisütöm úgy, hogy félidőben megfordítom. Papírszalvétán lecsöpögtetem a felesleges olajat, majd tálra rakom. Megforrósított sárgabarack lekvárból a közepére cseppentek 1-1  kiskanálnyit, majd porcukorral beszórom.</p>
<p style="text-align: center"><img class="alignnone  wp-image-12150819" src="https://annakonyha.cafeblog.hu/files/2017/05/DSC06093-300x137.jpg" alt="" width="353" height="161" /></p>
<p style="text-align: center"><img class="alignnone  wp-image-12150818" src="https://annakonyha.cafeblog.hu/files/2017/05/DSC06094-300x270.jpg" alt="" width="351" height="316" /></p>
<p style="text-align: center"><img class="alignnone  wp-image-12150817" src="https://annakonyha.cafeblog.hu/files/2017/05/DSC06096-300x260.jpg" alt="" width="351" height="304" /></p>
