{"version":"1.0","provider_name":"Anna konyh\u00e1ja","provider_url":"https:\/\/annakonyha.cafeblog.hu","author_name":"Anna","author_url":"https:\/\/annakonyha.cafeblog.hu\/author\/maricsanna2gmail-com\/","title":"Karamellel t\u00f6lt\u00f6tt van\u00edli\u00e1s keksz","html":"<p style=\"text-align: center\">\u00a0<img class=\"alignnone  wp-image-12150501\" src=\"https:\/\/annakonyha.cafeblog.hu\/files\/2017\/04\/DSC05995-300x248.jpg\" alt=\"\" width=\"400\" height=\"331\" \/>\u00a0<\/p>\r\n<p><span style=\"text-decoration: underline\"><strong>Hozz\u00e1val\u00f3k :<\/strong><\/span><\/p>\r\n<ol>\r\n<li>35 dkg liszt,<\/li>\r\n<li>5 dkg kukoricaliszt,<\/li>\r\n<li>15 dkg cukor,<\/li>\r\n<li>s\u00f3,<\/li>\r\n<li>25 dkg vaj,<\/li>\r\n<li>1 toj\u00e1s s\u00e1rg\u00e1ja,<\/li>\r\n<li>2 tk van\u00edlia kivonat,<\/li>\r\n<li>a tetej\u00e9re olvasztott \u00e9tcsokol\u00e1d\u00e9,<\/li>\r\n<\/ol>\r\n<p><span style=\"text-decoration: underline\"><strong>A t\u00f6ltel\u00e9khez:<\/strong><\/span><\/p>\r\n<ol>\r\n<li>2 dl tejsz\u00edn,<\/li>\r\n<li>2 ek m\u00e9z,<\/li>\r\n<li>\u00a01 ek cukor,<\/li>\r\n<li>12 dkg vaj,<\/li>\r\n<li>csipet s\u00f3,<\/li>\r\n<\/ol>\r\n<p><span style=\"text-decoration: underline\"><strong>Elk\u00e9sz\u00edt\u00e9se:<\/strong><\/span><\/p>\r\n<p>A kr\u00e9mmel kezdem, hogy legyen ideje leh\u0171lni.<\/p>\r\n<p>A tejsz\u00ednt a vajjal \u00e9s a m\u00e9zzel egy\u00fctt addig meleg\u00edtem, am\u00edg megolvadnak. \u00a0<\/p>\r\n<p>1 ek cukrot karamelliz\u00e1lok, majd mikor gy\u00f6ny\u00f6r\u0171 aranybarn\u00e1ra sz\u00ednez\u0151dik, hozz\u00e1\u00f6nt\u00f6m a meleg tejsz\u00ednes kever\u00e9ket.<\/p>\r\n<p>Folyamatos kever\u00e9s mellett, tartal\u00e9k l\u00e1ngon, lassan p\u00f6f\u00e9kelve bes\u0171r\u00edtem. Kb 10-15 perc alatt el\u00e9ri a kell\u0151 s\u0171r\u0171s\u00e9get. A t\u0171zr\u0151l leveszem, csipet s\u00f3t hozz\u00e1keverek, majd \u00a0f\u00e9lreteszem h\u0171lni.<\/p>\r\n<p>A lisztbe elmorzsolom a hideg, felkock\u00e1zott vajat. Hozz\u00e1adom a cukrot, a s\u00f3t, a van\u00edli\u00e1t, \u00e9s a toj\u00e1st, majd gyors mozdulatokkal sima t\u00e9szt\u00e1t gy\u00farok. Ha sz\u00fcks\u00e9ges a k\u00f6nnyebb \u00f6ssze\u00e1ll\u00edt\u00e1s \u00e9rdek\u00e9ben 1-2 kiskan\u00e1l hideg vizet adok hozz\u00e1. F\u00f3li\u00e1ba csomagolom, \u00e9s a h\u0171t\u0151ben pihentetem legal\u00e1bb 1\/2 \u00f3r\u00e1t.<\/p>\r\n<p>Enyh\u00e9n lisztezett fel\u00fcleten v\u00e9konyra kiny\u00fajtom, majd kerek form\u00e1kat szaggatok bel\u0151le. S\u00fct\u0151f\u00f3li\u00e1val b\u00e9lelt tepsibe rakom \u0151ket, \u00e9s 180 \u00b0C-ra el\u0151meleg\u00edtett s\u00fct\u0151ben, 8-10 perc alatt sz\u00e9p vil\u00e1gosra s\u00fct\u00f6m.<\/p>\r\n<p>R\u00e1csra rakom \u0151ket kih\u0171lni, majd \u00a02-2 korongot a karamellkr\u00e9mmel \u00f6sszeragasztok. A tetej\u00e9re olvasztott csokol\u00e1d\u00e9t csorgatok, majd egy napig f\u00e9lreteszem, hogy \u00f6ssze\u00e9rjenek az \u00edzek. \u00e9s \u00f6sszeragadjanak a lapok! \u00a0:)<\/p>\r\n<p style=\"text-align: center\"><img class=\"alignnone  wp-image-12150500\" src=\"https:\/\/annakonyha.cafeblog.hu\/files\/2017\/04\/DSC05998-300x227.jpg\" alt=\"\" width=\"352\" height=\"266\" \/><\/p>\r\n<p style=\"text-align: center\"><img class=\"alignnone  wp-image-12150502\" src=\"https:\/\/annakonyha.cafeblog.hu\/files\/2017\/04\/DSC05994-300x220.jpg\" alt=\"\" width=\"350\" height=\"257\" \/><\/p>\r\n<p style=\"text-align: left\">Az eredeti receptet <a href=\"https:\/\/kekszmuhely.cafeblog.hu\/2014\/12\/22\/mezkaramellel-toltott-vanilias-kekszek\/\">itt<\/a> tal\u00e1ltam.<\/p>\r\n<p>&nbsp;<\/p>","type":"rich","thumbnail_url":"https:\/\/annakonyha.cafeblog.hu\/files\/2017\/04\/DSC05995-150x150.jpg","thumbnail_width":150,"thumbnail_height":150}

Anna konyhája

Karamellel töltött vaníliás keksz

<p style="text-align: center"> <img class="alignnone  wp-image-12150501" src="https://annakonyha.cafeblog.hu/files/2017/04/DSC05995-300x248.jpg" alt="" width="400" height="331" /> </p>
<p><span style="text-decoration: underline"><strong>Hozzávalók :</strong></span></p>
<ol>
<li>35 dkg liszt,</li>
<li>5 dkg kukoricaliszt,</li>
<li>15 dkg cukor,</li>
<li>só,</li>
<li>25 dkg vaj,</li>
<li>1 tojás sárgája,</li>
<li>2 tk vanília kivonat,</li>
<li>a tetejére olvasztott étcsokoládé,</li>
</ol>
<p><span style="text-decoration: underline"><strong>A töltelékhez:</strong></span></p>
<ol>
<li>2 dl tejszín,</li>
<li>2 ek méz,</li>
<li> 1 ek cukor,</li>
<li>12 dkg vaj,</li>
<li>csipet só,</li>
</ol>
<p><span style="text-decoration: underline"><strong>Elkészítése:</strong></span></p>
<p>A krémmel kezdem, hogy legyen ideje lehűlni.</p>
<p>A tejszínt a vajjal és a mézzel együtt addig melegítem, amíg megolvadnak.  </p>
<p>1 ek cukrot karamellizálok, majd mikor gyönyörű aranybarnára színeződik, hozzáöntöm a meleg tejszínes keveréket.</p>
<p>Folyamatos keverés mellett, tartalék lángon, lassan pöfékelve besűrítem. Kb 10-15 perc alatt eléri a kellő sűrűséget. A tűzről leveszem, csipet sót hozzákeverek, majd  félreteszem hűlni.</p>
<p>A lisztbe elmorzsolom a hideg, felkockázott vajat. Hozzáadom a cukrot, a sót, a vaníliát, és a tojást, majd gyors mozdulatokkal sima tésztát gyúrok. Ha szükséges a könnyebb összeállítás érdekében 1-2 kiskanál hideg vizet adok hozzá. Fóliába csomagolom, és a hűtőben pihentetem legalább 1/2 órát.</p>
<p>Enyhén lisztezett felületen vékonyra kinyújtom, majd kerek formákat szaggatok belőle. Sütőfóliával bélelt tepsibe rakom őket, és 180 °C-ra előmelegített sütőben, 8-10 perc alatt szép világosra sütöm.</p>
<p>Rácsra rakom őket kihűlni, majd  2-2 korongot a karamellkrémmel összeragasztok. A tetejére olvasztott csokoládét csorgatok, majd egy napig félreteszem, hogy összeérjenek az ízek. és összeragadjanak a lapok!  :)</p>
<p style="text-align: center"><img class="alignnone  wp-image-12150500" src="https://annakonyha.cafeblog.hu/files/2017/04/DSC05998-300x227.jpg" alt="" width="352" height="266" /></p>
<p style="text-align: center"><img class="alignnone  wp-image-12150502" src="https://annakonyha.cafeblog.hu/files/2017/04/DSC05994-300x220.jpg" alt="" width="350" height="257" /></p>
<p style="text-align: left">Az eredeti receptet <a href="https://kekszmuhely.cafeblog.hu/2014/12/22/mezkaramellel-toltott-vanilias-kekszek/">itt</a> találtam.</p>
<p>&nbsp;</p>
